{"id":468,"date":"2026-04-19T23:15:10","date_gmt":"2026-04-19T23:15:10","guid":{"rendered":"https:\/\/filmservicekoeln.de\/?post_type=product&#038;p=468"},"modified":"2026-04-19T23:15:38","modified_gmt":"2026-04-19T23:15:38","slug":"faltzelt-15x15m-ez-up-schwarz","status":"publish","type":"product","link":"https:\/\/filmservicekoeln.de\/?product=faltzelt-15x15m-ez-up-schwarz","title":{"rendered":"Faltzelt 1,5&#215;1,5m EZ UP &#8211; schwarz"},"content":{"rendered":"<h5 class=\"product-name\"><span style=\"font-family: -apple-system, BlinkMacSystemFont, 'Segoe UI', Roboto, 'Helvetica Neue', Arial, 'Noto Sans', sans-serif, 'Apple Color Emoji', 'Segoe UI Emoji', 'Segoe UI Symbol', 'Noto Color Emoji'; font-size: 16px;\">Die Grundfl\u00e4che des VUE\u2122 von 1,5 x 1,5 m macht dieses Vordach praktisch f\u00fcr den Einsatz in kleineren Bereichen, wie z. B. Endkappen und Gangverkaufsstellen. Die strapazierf\u00e4higen Materialien und die hochwertige Konstruktion erm\u00f6glichen eine lange Nutzung des VUE\u2122 f\u00fcr Innen- und Au\u00dfenanwendungen.<\/span><\/h5>\n<div class=\"row product-sub-name sp\">\n<p><strong>Features<\/strong><\/p>\n<ul class=\"bulletz\">\n<li>Cool Grey Color Kipphebel-Beinverstellsystem<\/li>\n<li>Cool Grey Color Pull Pin Slider f\u00fcr E-Z Schnellverschluss und -freigabe<\/li>\n<li>Cool Grey Color E-Z Glide Truss Washers sorgen f\u00fcr erh\u00f6hte Stabilit\u00e4t<\/li>\n<li>Hochfeste Endkappe in Cool Grey Color f\u00fcr l\u00e4ngere Haltbarkeit<\/li>\n<li>Zusammenklappbar auf nur 1,4 m H\u00f6he<\/li>\n<li>1.5 x 1.5 m<\/li>\n<li>Hochfester Stahlrahmen<\/li>\n<li>Befestigungspunkte f\u00fcr Railskirt und ProFlag\u2122-Zubeh\u00f6r<\/li>\n<li>Erf\u00fcllt CPAI-84 und NFPA-701 Anforderungen an die Feuerbest\u00e4ndigkeit<\/li>\n<li>Optionale gedruckte Grafiken reichen vom einfachen 1-Farb-Aufdruck bis hin zu vollfl\u00e4chigen digitalen Grafiken<\/li>\n<li>Cool Grey Komponenten f\u00fcr mehr Produktleistung und Stilisierung<\/li>\n<\/ul>\n<\/div>\n","protected":false},"excerpt":{"rendered":"<p>Die Grundfl\u00e4che des VUE\u2122 von 1,5 x 1,5 m macht dieses Vordach praktisch f\u00fcr den Einsatz in kleineren Bereichen, wie z. B. Endkappen und Gangverkaufsstellen. Die strapazierf\u00e4higen Materialien und die hochwertige Konstruktion erm\u00f6glichen eine lange Nutzung des VUE\u2122 f\u00fcr Innen- und Au\u00dfenanwendungen. Features Cool Grey Color Kipphebel-Beinverstellsystem Cool Grey Color Pull Pin Slider f\u00fcr E-Z [&hellip;]<\/p>\n","protected":false},"featured_media":521,"comment_status":"closed","ping_status":"closed","template":"","meta":[],"product_brand":[],"product_cat":[21],"product_tag":[22,23,24],"class_list":{"0":"post-468","1":"product","2":"type-product","3":"status-publish","4":"has-post-thumbnail","6":"product_cat-set-al-equipment","7":"product_tag-elektroheizer","8":"product_tag-heizer","9":"product_tag-heizung","11":"first","12":"instock","13":"shipping-taxable","14":"purchasable","15":"product-type-simple"},"_links":{"self":[{"href":"https:\/\/filmservicekoeln.de\/index.php?rest_route=\/wp\/v2\/product\/468","targetHints":{"allow":["GET"]}}],"collection":[{"href":"https:\/\/filmservicekoeln.de\/index.php?rest_route=\/wp\/v2\/product"}],"about":[{"href":"https:\/\/filmservicekoeln.de\/index.php?rest_route=\/wp\/v2\/types\/product"}],"replies":[{"embeddable":true,"href":"https:\/\/filmservicekoeln.de\/index.php?rest_route=%2Fwp%2Fv2%2Fcomments&post=468"}],"wp:featuredmedia":[{"embeddable":true,"href":"https:\/\/filmservicekoeln.de\/index.php?rest_route=\/wp\/v2\/media\/521"}],"wp:attachment":[{"href":"https:\/\/filmservicekoeln.de\/index.php?rest_route=%2Fwp%2Fv2%2Fmedia&parent=468"}],"wp:term":[{"taxonomy":"product_brand","embeddable":true,"href":"https:\/\/filmservicekoeln.de\/index.php?rest_route=%2Fwp%2Fv2%2Fproduct_brand&post=468"},{"taxonomy":"product_cat","embeddable":true,"href":"https:\/\/filmservicekoeln.de\/index.php?rest_route=%2Fwp%2Fv2%2Fproduct_cat&post=468"},{"taxonomy":"product_tag","embeddable":true,"href":"https:\/\/filmservicekoeln.de\/index.php?rest_route=%2Fwp%2Fv2%2Fproduct_tag&post=468"}],"curies":[{"name":"wp","href":"https:\/\/api.w.org\/{rel}","templated":true}]}}