{"id":329,"date":"2026-04-19T23:14:26","date_gmt":"2026-04-19T23:14:26","guid":{"rendered":"https:\/\/filmservicekoeln.de\/?post_type=product&#038;p=329"},"modified":"2026-04-19T23:14:43","modified_gmt":"2026-04-19T23:14:43","slug":"seitentuer-fuer-faltzelt-3x3m-ez-up-schwarz","status":"publish","type":"product","link":"https:\/\/filmservicekoeln.de\/?product=seitentuer-fuer-faltzelt-3x3m-ez-up-schwarz","title":{"rendered":"Seitent\u00fcr f\u00fcr Faltzelt 3x3m EZ UP &#8211; schwarz"},"content":{"rendered":"<ul class=\"bulletz\">\n<li>3x3m<\/li>\n<li>in der Mitte der Plane durch Reisverschluss komplett zu \u00f6ffnen<\/li>\n<li>Haken-\/Klett- und Reisverschlusssystem zur einfachen Anwendung<\/li>\n<li>Heavy Duty Fu\u00dfpolster &#8211; f\u00fcr erh\u00f6hte Stabilit\u00e4t<\/li>\n<li>Material ist schwer entflammbar: CPAI-84, DIN 4102-1 (B1) und EN 13501-1 (B1) zertifiziert<\/li>\n<\/ul>\n","protected":false},"excerpt":{"rendered":"<p>3x3m in der Mitte der Plane durch Reisverschluss komplett zu \u00f6ffnen Haken-\/Klett- und Reisverschlusssystem zur einfachen Anwendung Heavy Duty Fu\u00dfpolster &#8211; f\u00fcr erh\u00f6hte Stabilit\u00e4t Material ist schwer entflammbar: CPAI-84, DIN 4102-1 (B1) und EN 13501-1 (B1) zertifiziert<\/p>\n","protected":false},"featured_media":367,"comment_status":"closed","ping_status":"closed","template":"","meta":[],"product_brand":[],"product_cat":[21],"product_tag":[22,23,24],"class_list":{"0":"post-329","1":"product","2":"type-product","3":"status-publish","4":"has-post-thumbnail","6":"product_cat-set-al-equipment","7":"product_tag-elektroheizer","8":"product_tag-heizer","9":"product_tag-heizung","11":"first","12":"instock","13":"shipping-taxable","14":"purchasable","15":"product-type-simple"},"_links":{"self":[{"href":"https:\/\/filmservicekoeln.de\/index.php?rest_route=\/wp\/v2\/product\/329","targetHints":{"allow":["GET"]}}],"collection":[{"href":"https:\/\/filmservicekoeln.de\/index.php?rest_route=\/wp\/v2\/product"}],"about":[{"href":"https:\/\/filmservicekoeln.de\/index.php?rest_route=\/wp\/v2\/types\/product"}],"replies":[{"embeddable":true,"href":"https:\/\/filmservicekoeln.de\/index.php?rest_route=%2Fwp%2Fv2%2Fcomments&post=329"}],"wp:featuredmedia":[{"embeddable":true,"href":"https:\/\/filmservicekoeln.de\/index.php?rest_route=\/wp\/v2\/media\/367"}],"wp:attachment":[{"href":"https:\/\/filmservicekoeln.de\/index.php?rest_route=%2Fwp%2Fv2%2Fmedia&parent=329"}],"wp:term":[{"taxonomy":"product_brand","embeddable":true,"href":"https:\/\/filmservicekoeln.de\/index.php?rest_route=%2Fwp%2Fv2%2Fproduct_brand&post=329"},{"taxonomy":"product_cat","embeddable":true,"href":"https:\/\/filmservicekoeln.de\/index.php?rest_route=%2Fwp%2Fv2%2Fproduct_cat&post=329"},{"taxonomy":"product_tag","embeddable":true,"href":"https:\/\/filmservicekoeln.de\/index.php?rest_route=%2Fwp%2Fv2%2Fproduct_tag&post=329"}],"curies":[{"name":"wp","href":"https:\/\/api.w.org\/{rel}","templated":true}]}}