{"id":210,"date":"2026-04-19T23:13:41","date_gmt":"2026-04-19T23:13:41","guid":{"rendered":"https:\/\/filmservicekoeln.de\/?post_type=product&#038;p=210"},"modified":"2026-04-19T23:14:07","modified_gmt":"2026-04-19T23:14:07","slug":"elektroheizpilz-max-2kw-220v","status":"publish","type":"product","link":"https:\/\/filmservicekoeln.de\/?product=elektroheizpilz-max-2kw-220v","title":{"rendered":"Elektroheizpilz (max. 2kW) &#8211; 220V"},"content":{"rendered":"<p>Flexibel einsatzbarer Halogen-Infrarotstrahler aus Aluminium und Edelstahl f\u00fcr Terrasse, Balkon und Gastronomie.<\/p>\n<ul>\n<li>Infrarotw\u00e4rme ohne Vorheizen<\/li>\n<li>Hochwertige Halogen-Infrarotr\u00f6hren<\/li>\n<li>Gleichm\u00e4\u00dfige Rundumw\u00e4rme<\/li>\n<li>2 Heizstufen: 1.000 W \/ 2.000 W<\/li>\n<li>Spritzwassergesch\u00fctzt (Schutzart IP34) f\u00fcr \u00fcberdachte Au\u00dfenbereiche<\/li>\n<li>Schutzgitter gegen Ber\u00fchrung der Heizr\u00f6hre<\/li>\n<li>Edles Design: Reflektor und Standfu\u00df aus Aluminium, Teleskoprohr aus rostfreiem Edelstahl<\/li>\n<li>Stufenlos h\u00f6henverstellbar von 194 bis 209 cm<\/li>\n<li>Im Ger\u00e4t integrierter Kipp-Abschalter<\/li>\n<li>Sauber, kondensfrei, geruchlos und ohne L\u00e4rm<\/li>\n<li>Keine Staubaufwirbelung, deshalb f\u00fcr Allergiker geeignet<\/li>\n<li>Energieeffizient<\/li>\n<\/ul>\n","protected":false},"excerpt":{"rendered":"<p>Flexibel einsatzbarer Halogen-Infrarotstrahler aus Aluminium und Edelstahl f\u00fcr Terrasse, Balkon und Gastronomie. Infrarotw\u00e4rme ohne Vorheizen Hochwertige Halogen-Infrarotr\u00f6hren Gleichm\u00e4\u00dfige Rundumw\u00e4rme 2 Heizstufen: 1.000 W \/ 2.000 W Spritzwassergesch\u00fctzt (Schutzart IP34) f\u00fcr \u00fcberdachte Au\u00dfenbereiche Schutzgitter gegen Ber\u00fchrung der Heizr\u00f6hre Edles Design: Reflektor und Standfu\u00df aus Aluminium, Teleskoprohr aus rostfreiem Edelstahl Stufenlos h\u00f6henverstellbar von 194 bis 209 cm [&hellip;]<\/p>\n","protected":false},"featured_media":267,"comment_status":"closed","ping_status":"closed","template":"","meta":[],"product_brand":[],"product_cat":[21],"product_tag":[22,23,24,46],"class_list":{"0":"post-210","1":"product","2":"type-product","3":"status-publish","4":"has-post-thumbnail","6":"product_cat-set-al-equipment","7":"product_tag-elektroheizer","8":"product_tag-heizer","9":"product_tag-heizung","10":"product_tag-standheizstrahler","12":"first","13":"instock","14":"shipping-taxable","15":"purchasable","16":"product-type-simple"},"_links":{"self":[{"href":"https:\/\/filmservicekoeln.de\/index.php?rest_route=\/wp\/v2\/product\/210","targetHints":{"allow":["GET"]}}],"collection":[{"href":"https:\/\/filmservicekoeln.de\/index.php?rest_route=\/wp\/v2\/product"}],"about":[{"href":"https:\/\/filmservicekoeln.de\/index.php?rest_route=\/wp\/v2\/types\/product"}],"replies":[{"embeddable":true,"href":"https:\/\/filmservicekoeln.de\/index.php?rest_route=%2Fwp%2Fv2%2Fcomments&post=210"}],"wp:featuredmedia":[{"embeddable":true,"href":"https:\/\/filmservicekoeln.de\/index.php?rest_route=\/wp\/v2\/media\/267"}],"wp:attachment":[{"href":"https:\/\/filmservicekoeln.de\/index.php?rest_route=%2Fwp%2Fv2%2Fmedia&parent=210"}],"wp:term":[{"taxonomy":"product_brand","embeddable":true,"href":"https:\/\/filmservicekoeln.de\/index.php?rest_route=%2Fwp%2Fv2%2Fproduct_brand&post=210"},{"taxonomy":"product_cat","embeddable":true,"href":"https:\/\/filmservicekoeln.de\/index.php?rest_route=%2Fwp%2Fv2%2Fproduct_cat&post=210"},{"taxonomy":"product_tag","embeddable":true,"href":"https:\/\/filmservicekoeln.de\/index.php?rest_route=%2Fwp%2Fv2%2Fproduct_tag&post=210"}],"curies":[{"name":"wp","href":"https:\/\/api.w.org\/{rel}","templated":true}]}}